{"id":474,"date":"2017-08-11T09:20:00","date_gmt":"2017-08-11T14:20:00","guid":{"rendered":"http:\/\/soundbreath.com.mx\/soundbreath\/?page_id=474"},"modified":"2026-02-12T11:25:02","modified_gmt":"2026-02-12T17:25:02","slug":"tania-olivares","status":"publish","type":"page","link":"https:\/\/soundbreath.com.mx\/soundbreath\/facilitadoras\/tania-olivares\/","title":{"rendered":"Tania Olivares"},"content":{"rendered":"<!--themify_builder_content-->\n<div id=\"themify_builder_content-474\" data-postid=\"474\" class=\"themify_builder_content themify_builder_content-474 themify_builder tf_clear\">\n                    <div  data-lazy=\"1\" class=\"module_row themify_builder_row tb_dfav230 tb_first tf_w\">\n                        <div class=\"row_inner col_align_top tb_col_count_1 tf_box tf_rel\">\n                        <div  data-lazy=\"1\" class=\"module_column tb-column col-full tb_p4de004 first\">\n                            <div  data-lazy=\"1\" class=\"module_subrow themify_builder_sub_row tf_w col_align_top tb_col_count_2 tb_a2h9010\">\n                <div  data-lazy=\"1\" class=\"module_column sub_column col4-1 tb_7vag404 first\">\n                    <!-- module image -->\n<div  class=\"module module-image tb_k1ki031 image-center   tf_mw\" data-lazy=\"1\">\n        <div class=\"image-wrap tf_rel tf_mw\">\n            <img loading=\"lazy\" decoding=\"async\" src=\"http:\/\/soundbreath.com.mx\/soundbreath\/wp-content\/uploads\/2017\/08\/TANIA.png\" width=\"186\" height=\"186\" title=\"Tania Olivares\" alt=\"Tania Olivares\">    \n        <\/div>\n    <!-- \/image-wrap -->\n    \n        <\/div>\n<!-- \/module image -->        <\/div>\n                    <div  data-lazy=\"1\" class=\"module_column sub_column col4-3 tb_jwcr441 last\">\n                    <!-- module text -->\n<div  class=\"module module-text tb_du3i811   \" data-lazy=\"1\">\n        <div  class=\"tb_text_wrap\">\n        <h2>Tania Marisol Olivares Monreal<\/h2>\n<h3><span style=\"color: #0000ff;\"><a style=\"color: #0000ff;\" href=\"mailto:taniaolivares@hotmail.com\">taniaolivares@hotmail.com<\/a><\/span><\/h3>\n<h3>Facilitadora y CoFundadora del Soundbreath a partir de julio de 2014<\/h3>\n<p><em>\u201cEl Soundbreath me ha motivado a contribuir a mejorar la salud integral de las personas a trav\u00e9s de la respiraci\u00f3n consciente y el uso del sonido.\u201d<\/em><\/p>\n<p><strong>Formaci\u00f3n:\u00a0<br><\/strong>Maestr\u00eda en Ingenier\u00eda en Imagen Publica en curso 2025-2036, Colegio de Imagen P\u00fablica, CDMX<br>Certificaci\u00f3n como Facilitadora de Soundbreath 2014<br>MBA Direcci\u00f3n de Empresas de Moda y Belleza 2015<br>Esden Business School &amp; Marangoni Institute Mil\u00e1n.<br>MBA Gesti\u00f3n y Direcci\u00f3n del Capital Humano &#8211; 2014<br>Universidad Panamericana \u201cUP\u201d\u201d<br>Especializaci\u00f3n en Negocios Internacionales 2000- 2001<br>Licenciatura en Administraci\u00f3n de Empresas &#8211; Universidad Tecnol\u00f3gica de M\u00e9xico \u201cUNITEC\u201d<\/p>\n<p><strong>Experiencia:<\/strong><br>M\u00e1s de 10 a\u00f1os en Desarrollo de Estrategias de Comercializaci\u00f3n y Ventas<br>Alimentaci\u00f3n Consciente \u2013 Consenti, 60 hrs. Monterrey -2012<br>Intereses personales en Alimentaci\u00f3n Sana<br>Practica yoga y meditaci\u00f3n<br>Actualmente imparte sesiones individuales del Soundbreath en Guadalajara, Jalisco<br>Sube a fb respiramexico (movimiento altruista de Soundbreath) la investigaci\u00f3n y documentaci\u00f3n de diferentes aspectos de la respiraci\u00f3n consciente, la entonaci\u00f3n, el arrullo y el activismo sutil.<\/p>\n<p>Actualmente imparte sesiones individuales del Soundbreath en Guadalajara, Jalisco.<\/p>\n<p>Para Tania, cada taller o sesi\u00f3n es un entorno sagrado donde el aliento, el sonido y la vibraci\u00f3n se entrelazan con presencia y respeto.<\/p>\n<h3>Testimonios<\/h3>\n<p>\u201c<em>Llegu\u00e9 a las sesiones buscando una herramienta para manejar mi estr\u00e9s laboral y la terapia de Soundbreath super\u00f3 mis expectativas. Aprend\u00ed a respirar de manera consciente y profunda, lo que me ayud\u00f3 a regular mi sistema nervioso durante picos de carga en el trabajo. Despu\u00e9s de unas semanas, note que mi mente estaba m\u00e1s clara, dorm\u00eda mejor y pod\u00eda enfrentar auditor\u00edas complejas con mayor calma y enfoque. Me siento m\u00e1s due\u00f1a de mis emociones<\/em>. \u201c<\/p>\n<p style=\"text-align: right;\">Paulina, Auditoria Contable<\/p>\n<p>\u201c<em>Busqu\u00e9 la terapia porque mi colitis nerviosa estaba afectando mi vida diaria. La respiraci\u00f3n diafragm\u00e1tica fue un cambio profundo: al aprender a activar mi respiraci\u00f3n baja, empec\u00e9 a notar menos inflamaci\u00f3n, menos episodios de dolor, y, sobre todo, una sensaci\u00f3n de tranquilidad que hac\u00eda mucho no ten\u00eda. Hoy mis s\u00edntomas han disminuido notablemente<\/em>.<\/p>\n<p style=\"text-align: right;\">Laura, Cr\u00e9ditos Banamex<\/p>    <\/div>\n<\/div>\n<!-- \/module text -->        <\/div>\n                    <\/div>\n                <\/div>\n                        <\/div>\n        <\/div>\n        <\/div>\n<!--\/themify_builder_content-->","protected":false},"excerpt":{"rendered":"<p>Tania Marisol Olivares Monreal taniaolivares@hotmail.com Facilitadora y CoFundadora del Soundbreath a partir de julio de 2014 \u201cEl Soundbreath me ha motivado a contribuir a mejorar la salud integral de las personas a trav\u00e9s de la respiraci\u00f3n consciente y el uso del sonido.\u201d Formaci\u00f3n:\u00a0Maestr\u00eda en Ingenier\u00eda en Imagen Publica en curso 2025-2036, Colegio de Imagen P\u00fablica, [&hellip;]<\/p>\n","protected":false},"author":1,"featured_media":0,"parent":146,"menu_order":0,"comment_status":"closed","ping_status":"closed","template":"","meta":{"footnotes":""},"class_list":["post-474","page","type-page","status-publish","hentry","has-post-title","has-post-date","has-post-category","has-post-tag","has-post-comment","has-post-author",""],"jetpack_shortlink":"https:\/\/wp.me\/P5NbE4-7E","jetpack_sharing_enabled":true,"builder_content":"<img src=\"http:\/\/soundbreath.com.mx\/soundbreath\/wp-content\/uploads\/2017\/08\/TANIA.png\" width=\"186\" height=\"186\" title=\"Tania Olivares\" alt=\"Tania Olivares\">\n<h2>Tania Marisol Olivares Monreal<\/h2> <h3><a style=\"color: #0000ff;\" href=\"mailto:taniaolivares@hotmail.com\">taniaolivares@hotmail.com<\/a><\/h3> <h3>Facilitadora y CoFundadora del Soundbreath a partir de julio de 2014<\/h3> <p><em>\u201cEl Soundbreath me ha motivado a contribuir a mejorar la salud integral de las personas a trav\u00e9s de la respiraci\u00f3n consciente y el uso del sonido.\u201d<\/em><\/p> <p><strong>Formaci\u00f3n:\u00a0<br><\/strong>Maestr\u00eda en Ingenier\u00eda en Imagen Publica en curso 2025-2036, Colegio de Imagen P\u00fablica, CDMX<br>Certificaci\u00f3n como Facilitadora de Soundbreath 2014<br>MBA Direcci\u00f3n de Empresas de Moda y Belleza 2015<br>Esden Business School &amp; Marangoni Institute Mil\u00e1n.<br>MBA Gesti\u00f3n y Direcci\u00f3n del Capital Humano - 2014<br>Universidad Panamericana \u201cUP\u201d\u201d<br>Especializaci\u00f3n en Negocios Internacionales 2000- 2001<br>Licenciatura en Administraci\u00f3n de Empresas - Universidad Tecnol\u00f3gica de M\u00e9xico \u201cUNITEC\u201d<\/p> <p><strong>Experiencia:<\/strong><br>M\u00e1s de 10 a\u00f1os en Desarrollo de Estrategias de Comercializaci\u00f3n y Ventas<br>Alimentaci\u00f3n Consciente \u2013 Consenti, 60 hrs. Monterrey -2012<br>Intereses personales en Alimentaci\u00f3n Sana<br>Practica yoga y meditaci\u00f3n<br>Actualmente imparte sesiones individuales del Soundbreath en Guadalajara, Jalisco<br>Sube a fb respiramexico (movimiento altruista de Soundbreath) la investigaci\u00f3n y documentaci\u00f3n de diferentes aspectos de la respiraci\u00f3n consciente, la entonaci\u00f3n, el arrullo y el activismo sutil.<\/p> <p>Actualmente imparte sesiones individuales del Soundbreath en Guadalajara, Jalisco.<\/p> <p>Para Tania, cada taller o sesi\u00f3n es un entorno sagrado donde el aliento, el sonido y la vibraci\u00f3n se entrelazan con presencia y respeto.<\/p> <h3>Testimonios<\/h3> <p>\u201c<em>Llegu\u00e9 a las sesiones buscando una herramienta para manejar mi estr\u00e9s laboral y la terapia de Soundbreath super\u00f3 mis expectativas. Aprend\u00ed a respirar de manera consciente y profunda, lo que me ayud\u00f3 a regular mi sistema nervioso durante picos de carga en el trabajo. Despu\u00e9s de unas semanas, note que mi mente estaba m\u00e1s clara, dorm\u00eda mejor y pod\u00eda enfrentar auditor\u00edas complejas con mayor calma y enfoque. Me siento m\u00e1s due\u00f1a de mis emociones<\/em>. \u201c<\/p> <p style=\"text-align: right;\">Paulina, Auditoria Contable<\/p> <p>\u201c<em>Busqu\u00e9 la terapia porque mi colitis nerviosa estaba afectando mi vida diaria. La respiraci\u00f3n diafragm\u00e1tica fue un cambio profundo: al aprender a activar mi respiraci\u00f3n baja, empec\u00e9 a notar menos inflamaci\u00f3n, menos episodios de dolor, y, sobre todo, una sensaci\u00f3n de tranquilidad que hac\u00eda mucho no ten\u00eda. Hoy mis s\u00edntomas han disminuido notablemente<\/em>.<\/p> <p style=\"text-align: right;\">Laura, Cr\u00e9ditos Banamex<\/p>","_links":{"self":[{"href":"https:\/\/soundbreath.com.mx\/soundbreath\/wp-json\/wp\/v2\/pages\/474","targetHints":{"allow":["GET"]}}],"collection":[{"href":"https:\/\/soundbreath.com.mx\/soundbreath\/wp-json\/wp\/v2\/pages"}],"about":[{"href":"https:\/\/soundbreath.com.mx\/soundbreath\/wp-json\/wp\/v2\/types\/page"}],"author":[{"embeddable":true,"href":"https:\/\/soundbreath.com.mx\/soundbreath\/wp-json\/wp\/v2\/users\/1"}],"replies":[{"embeddable":true,"href":"https:\/\/soundbreath.com.mx\/soundbreath\/wp-json\/wp\/v2\/comments?post=474"}],"version-history":[{"count":15,"href":"https:\/\/soundbreath.com.mx\/soundbreath\/wp-json\/wp\/v2\/pages\/474\/revisions"}],"predecessor-version":[{"id":728,"href":"https:\/\/soundbreath.com.mx\/soundbreath\/wp-json\/wp\/v2\/pages\/474\/revisions\/728"}],"up":[{"embeddable":true,"href":"https:\/\/soundbreath.com.mx\/soundbreath\/wp-json\/wp\/v2\/pages\/146"}],"wp:attachment":[{"href":"https:\/\/soundbreath.com.mx\/soundbreath\/wp-json\/wp\/v2\/media?parent=474"}],"curies":[{"name":"wp","href":"https:\/\/api.w.org\/{rel}","templated":true}]}}