{"id":462,"date":"2017-08-11T09:16:09","date_gmt":"2017-08-11T14:16:09","guid":{"rendered":"http:\/\/soundbreath.com.mx\/soundbreath\/?page_id=462"},"modified":"2026-02-12T11:24:17","modified_gmt":"2026-02-12T17:24:17","slug":"margarita-castillo","status":"publish","type":"page","link":"https:\/\/soundbreath.com.mx\/soundbreath\/facilitadoras\/margarita-castillo\/","title":{"rendered":"Margarita Castillo"},"content":{"rendered":"<!--themify_builder_content-->\n<div id=\"themify_builder_content-462\" data-postid=\"462\" class=\"themify_builder_content themify_builder_content-462 themify_builder tf_clear\">\n                    <div  data-lazy=\"1\" class=\"module_row themify_builder_row tb_28sj330 tb_first tf_w\">\n                        <div class=\"row_inner col_align_top tb_col_count_1 tf_box tf_rel\">\n                        <div  data-lazy=\"1\" class=\"module_column tb-column col-full tb_jk3r000 first\">\n                            <div  data-lazy=\"1\" class=\"module_subrow themify_builder_sub_row tf_w col_align_top tb_col_count_2 tb_95a6332\">\n                <div  data-lazy=\"1\" class=\"module_column sub_column col4-1 tb_3ehd030 first\">\n                    <!-- module image -->\n<div  class=\"module module-image tb_kq69300 image-center   tf_mw\" data-lazy=\"1\">\n        <div class=\"image-wrap tf_rel tf_mw\">\n            <img loading=\"lazy\" decoding=\"async\" width=\"950\" height=\"950\" src=\"https:\/\/soundbreath.com.mx\/soundbreath\/wp-content\/uploads\/2025\/11\/margarita.png\" class=\"wp-post-image wp-image-619\" title=\"margarita\" alt=\"margarita\" srcset=\"https:\/\/soundbreath.com.mx\/soundbreath\/wp-content\/uploads\/2025\/11\/margarita.png 950w, https:\/\/soundbreath.com.mx\/soundbreath\/wp-content\/uploads\/2025\/11\/margarita-300x300.png 300w, https:\/\/soundbreath.com.mx\/soundbreath\/wp-content\/uploads\/2025\/11\/margarita-150x150.png 150w, https:\/\/soundbreath.com.mx\/soundbreath\/wp-content\/uploads\/2025\/11\/margarita-768x768.png 768w\" sizes=\"auto, (max-width: 950px) 100vw, 950px\" \/>    \n        <\/div>\n    <!-- \/image-wrap -->\n    \n        <\/div>\n<!-- \/module image -->        <\/div>\n                    <div  data-lazy=\"1\" class=\"module_column sub_column col4-3 tb_qij4055 last\">\n                    <!-- module text -->\n<div  class=\"module module-text tb_u2zi000   \" data-lazy=\"1\">\n        <div  class=\"tb_text_wrap\">\n        <h3>Margarita Castillo<\/h3>\n<h3><span style=\"color: #0000ff;\"><a style=\"color: #0000ff;\" href=\"mailto:margaritac.flo@gmail.com\">margaritac.flo@gmail.com<\/a><\/span><\/h3>\n<h4>FACILITADORA CERTIFICADA DE SOUNDBREATH A PARTIR DE JULIO DE 2014.<\/h4>\n<p><em>\u201cPara m\u00ed el SoundBreath signific\u00f3 comprometerme con mi proceso personal. La respiraci\u00f3n es mi mejor aliada y mi cuerpo el veh\u00edculo m\u00e1s poderoso. SoundBreath es volver a tu estado natural.\u201d<\/em><\/p>\n<p>Fundadora y Directora de Be Training. Licenciada en Comunicaci\u00f3n por la UNAM; Facilitadora y Cofundadora de SoundBreath y con estudios en Psicoterapia Corporal Humanista.<\/p>\n<p>Speaker, Tallerista, Locutora, Conductora de TV y Presentadora de Eventos.<\/p>\n<p>Ha colaborado en el sector privado, organismos de representaci\u00f3n y medios como PwC M\u00e9xico, Coparmex Nacional, Centro Empresarial de Aguascalientes, TV UNAM, ILCE TV y Exc\u00e9lsior TV. Creadora y host del podcast \u201cBienestar en tus palabras.\u201d<\/p>\n<p>Ha sido reconocida como mente VIP por el portal Mentes a la Carta de Colombia. Ha sido speaker en la Semana del Emprendedor, FESPA M\u00e9xico, BootCamp 2025 de Grupo Colorines; Moderadora en The Logistics World Summit, Coparmex Nacional y Centro Empresarial de Michoac\u00e1n. Es instructora de cursos y talleres en diversas marcas nacionales e internacionales.<\/p>\n<p><strong>\u00a0<\/strong><strong>\u00c1reas de especialidad<\/strong>: Comunicaci\u00f3n Corporativa, Relaciones P\u00fablicas, Conducci\u00f3n de TV, Locuci\u00f3n, Bienestar Corporativo y Habilidades para Hablar en P\u00fablico.<\/p>\n<h3>Testimonios<\/h3>\n<p><em>\u201cMe pareci\u00f3 muy din\u00e1mico y con ejercicios pr\u00e1cticos. Me ayud\u00f3\u00a0bastante a conocer t\u00e9cnicas de control del estr\u00e9s,\u00a0de las cuales no\u00a0sab\u00eda su alcance. Con estas t\u00e9cnicas aplicadas a mi quehacer diario, mejorar\u00e9\u00a0en cuanto al manejo del\u00a0estr\u00e9s, ya que como se vio en el curso, afecta mucho a la salud y el bienestar.\u201d<\/em><\/p>\n<p style=\"text-align: right;\">Lourdes, Servicio Social<\/p>\n<p><em>\u201cMe ayud\u00f3\u00a0mucho a entender que necesito darme tiempo, reconocer que lo m\u00e1s importante es que yo est\u00e9 bien. Aprend\u00ed a respirar mejor y a volverlo un h\u00e1bito consciente. Los ejercicios de estiramiento y liberaci\u00f3n de tensi\u00f3n me ayudar\u00e1n a fortalecer mi sistema digestivo. El kit de manos y pies me ayud\u00f3 mucho a relajarme. Aprend\u00ed lo necesario del descanso, no nos damos el tiempo para relajarnos y descansar. El curso fue de mucho aprendizaje y me ayud\u00f3 much\u00edsimo<\/em><em>. Gracias Margarita<\/em><em>\u201d.<\/em><\/p>\n<p style=\"text-align: right;\">Alma, Acad\u00e9mica<\/p>    <\/div>\n<\/div>\n<!-- \/module text -->        <\/div>\n                    <\/div>\n                <\/div>\n                        <\/div>\n        <\/div>\n        <\/div>\n<!--\/themify_builder_content-->","protected":false},"excerpt":{"rendered":"<p>Margarita Castillo margaritac.flo@gmail.com FACILITADORA CERTIFICADA DE SOUNDBREATH A PARTIR DE JULIO DE 2014. \u201cPara m\u00ed el SoundBreath signific\u00f3 comprometerme con mi proceso personal. La respiraci\u00f3n es mi mejor aliada y mi cuerpo el veh\u00edculo m\u00e1s poderoso. SoundBreath es volver a tu estado natural.\u201d Fundadora y Directora de Be Training. Licenciada en Comunicaci\u00f3n por la UNAM; [&hellip;]<\/p>\n","protected":false},"author":1,"featured_media":0,"parent":146,"menu_order":0,"comment_status":"closed","ping_status":"closed","template":"","meta":{"footnotes":""},"class_list":["post-462","page","type-page","status-publish","hentry","has-post-title","has-post-date","has-post-category","has-post-tag","has-post-comment","has-post-author",""],"jetpack_shortlink":"https:\/\/wp.me\/P5NbE4-7s","jetpack_sharing_enabled":true,"builder_content":"<img src=\"https:\/\/soundbreath.com.mx\/soundbreath\/wp-content\/uploads\/2025\/11\/margarita.png\" title=\"margarita\" alt=\"margarita\" srcset=\"https:\/\/soundbreath.com.mx\/soundbreath\/wp-content\/uploads\/2025\/11\/margarita.png 950w, https:\/\/soundbreath.com.mx\/soundbreath\/wp-content\/uploads\/2025\/11\/margarita-300x300.png 300w, https:\/\/soundbreath.com.mx\/soundbreath\/wp-content\/uploads\/2025\/11\/margarita-150x150.png 150w, https:\/\/soundbreath.com.mx\/soundbreath\/wp-content\/uploads\/2025\/11\/margarita-768x768.png 768w\" sizes=\"(max-width: 950px) 100vw, 950px\" \/>\n<h3>Margarita Castillo<\/h3> <h3><a style=\"color: #0000ff;\" href=\"mailto:margaritac.flo@gmail.com\">margaritac.flo@gmail.com<\/a><\/h3> <h4>FACILITADORA CERTIFICADA DE SOUNDBREATH A PARTIR DE JULIO DE 2014.<\/h4> <p><em>\u201cPara m\u00ed el SoundBreath signific\u00f3 comprometerme con mi proceso personal. La respiraci\u00f3n es mi mejor aliada y mi cuerpo el veh\u00edculo m\u00e1s poderoso. SoundBreath es volver a tu estado natural.\u201d<\/em><\/p> <p>Fundadora y Directora de Be Training. Licenciada en Comunicaci\u00f3n por la UNAM; Facilitadora y Cofundadora de SoundBreath y con estudios en Psicoterapia Corporal Humanista.<\/p> <p>Speaker, Tallerista, Locutora, Conductora de TV y Presentadora de Eventos.<\/p> <p>Ha colaborado en el sector privado, organismos de representaci\u00f3n y medios como PwC M\u00e9xico, Coparmex Nacional, Centro Empresarial de Aguascalientes, TV UNAM, ILCE TV y Exc\u00e9lsior TV. Creadora y host del podcast \u201cBienestar en tus palabras.\u201d<\/p> <p>Ha sido reconocida como mente VIP por el portal Mentes a la Carta de Colombia. Ha sido speaker en la Semana del Emprendedor, FESPA M\u00e9xico, BootCamp 2025 de Grupo Colorines; Moderadora en The Logistics World Summit, Coparmex Nacional y Centro Empresarial de Michoac\u00e1n. Es instructora de cursos y talleres en diversas marcas nacionales e internacionales.<\/p> <p><strong>\u00a0<\/strong><strong>\u00c1reas de especialidad<\/strong>: Comunicaci\u00f3n Corporativa, Relaciones P\u00fablicas, Conducci\u00f3n de TV, Locuci\u00f3n, Bienestar Corporativo y Habilidades para Hablar en P\u00fablico.<\/p> <h3>Testimonios<\/h3> <p><em>\u201cMe pareci\u00f3 muy din\u00e1mico y con ejercicios pr\u00e1cticos. Me ayud\u00f3\u00a0bastante a conocer t\u00e9cnicas de control del estr\u00e9s,\u00a0de las cuales no\u00a0sab\u00eda su alcance. Con estas t\u00e9cnicas aplicadas a mi quehacer diario, mejorar\u00e9\u00a0en cuanto al manejo del\u00a0estr\u00e9s, ya que como se vio en el curso, afecta mucho a la salud y el bienestar.\u201d<\/em><\/p> <p style=\"text-align: right;\">Lourdes, Servicio Social<\/p> <p><em>\u201cMe ayud\u00f3\u00a0mucho a entender que necesito darme tiempo, reconocer que lo m\u00e1s importante es que yo est\u00e9 bien. Aprend\u00ed a respirar mejor y a volverlo un h\u00e1bito consciente. Los ejercicios de estiramiento y liberaci\u00f3n de tensi\u00f3n me ayudar\u00e1n a fortalecer mi sistema digestivo. El kit de manos y pies me ayud\u00f3 mucho a relajarme. Aprend\u00ed lo necesario del descanso, no nos damos el tiempo para relajarnos y descansar. El curso fue de mucho aprendizaje y me ayud\u00f3 much\u00edsimo<\/em><em>. Gracias Margarita<\/em><em>\u201d.<\/em><\/p> <p style=\"text-align: right;\">Alma, Acad\u00e9mica<\/p>","_links":{"self":[{"href":"https:\/\/soundbreath.com.mx\/soundbreath\/wp-json\/wp\/v2\/pages\/462","targetHints":{"allow":["GET"]}}],"collection":[{"href":"https:\/\/soundbreath.com.mx\/soundbreath\/wp-json\/wp\/v2\/pages"}],"about":[{"href":"https:\/\/soundbreath.com.mx\/soundbreath\/wp-json\/wp\/v2\/types\/page"}],"author":[{"embeddable":true,"href":"https:\/\/soundbreath.com.mx\/soundbreath\/wp-json\/wp\/v2\/users\/1"}],"replies":[{"embeddable":true,"href":"https:\/\/soundbreath.com.mx\/soundbreath\/wp-json\/wp\/v2\/comments?post=462"}],"version-history":[{"count":16,"href":"https:\/\/soundbreath.com.mx\/soundbreath\/wp-json\/wp\/v2\/pages\/462\/revisions"}],"predecessor-version":[{"id":724,"href":"https:\/\/soundbreath.com.mx\/soundbreath\/wp-json\/wp\/v2\/pages\/462\/revisions\/724"}],"up":[{"embeddable":true,"href":"https:\/\/soundbreath.com.mx\/soundbreath\/wp-json\/wp\/v2\/pages\/146"}],"wp:attachment":[{"href":"https:\/\/soundbreath.com.mx\/soundbreath\/wp-json\/wp\/v2\/media?parent=462"}],"curies":[{"name":"wp","href":"https:\/\/api.w.org\/{rel}","templated":true}]}}